{"id":1773,"date":"2023-04-09T09:20:23","date_gmt":"2023-04-09T07:20:23","guid":{"rendered":"https:\/\/wilde-werkstatt.de\/hamburg\/?page_id=1773"},"modified":"2025-02-11T11:58:33","modified_gmt":"2025-02-11T10:58:33","slug":"alle-leistungen","status":"publish","type":"page","link":"https:\/\/wilde-werkstatt.de\/hamburg\/service\/alle-leistungen\/","title":{"rendered":"Weitere Leistungen"},"content":{"rendered":"<section class=\"wpb-content-wrapper\"><p>[vc_row full_width=&#8220;stretch_row&#8220; css=&#8220;.vc_custom_1449134047180{background-color: #ffffff !important;}&#8220;][vc_column]<div class=\"sc_section sc_section_block \"><div class=\"sc_section_inner\"><div class=\"sc_section_content_wrap\">[vc_column_text css=&#8220;.vc_custom_1681024669222{margin-bottom: 40px !important;}&#8220;]<\/p>\n<h3 class=\"p1\"><span class=\"s1\">Entdecken Sie unser volles Leistungsspektrum.<\/span><\/h3>\n<p>[\/vc_column_text]<\/div><\/div><\/div>[\/vc_column][\/vc_row][vc_row full_width=&#8220;stretch_row&#8220; css=&#8220;.vc_custom_1449134047180{background-color: #ffffff !important;}&#8220;][vc_column width=&#8220;1\/2&#8243;][vc_single_image image=&#8220;1790&#8243; img_size=&#8220;Medium&#8220;][vc_empty_space height=&#8220;3em&#8220;][\/vc_column][vc_column width=&#8220;1\/2&#8243;]<div class=\"sc_section sc_section_block \"><div class=\"sc_section_inner\"><div class=\"sc_section_content_wrap\">[vc_column_text]<\/p>\n<p class=\"p1\"><strong><span class=\"s1\">Sie haben W\u00fcnsche, Probleme oder Fragen rund um Ihr Auto &#8211; wir sind f\u00fcr Sie da!<\/span><\/strong><\/p>\n<p class=\"p1\"><span class=\"s1\">Egal, ob es sich um einen Pkw, einen vielseitigen Van oder einen robusten SUV handelt \u2013 wir sind stets bereit, Reparaturen, Wartungen und Servicearbeiten mit Leidenschaft und Fachkompetenz durchzuf\u00fchren.<\/span><\/p>\n<p class=\"p1\"><span class=\"s1\">W\u00e4hlen Sie uns als Ihren Werkstattpartner und vertrauen Sie auf unsere langj\u00e4hrige Erfahrung, unsere Fachkompetenz und unsere Leidenschaft f\u00fcr Autos. Wir sind stolz darauf, Fahrzeughaltern eine umfassende Betreuung anzubieten und daf\u00fcr zu sorgen, dass Ihr Fahrzeug die bestm\u00f6gliche Wartung und Pflege erh\u00e4lt.<\/span><\/p>\n<p>[\/vc_column_text][vc_empty_space height=&#8220;3em&#8220;]<\/div><\/div><\/div>[\/vc_column][\/vc_row][vc_row full_width=&#8220;stretch_row&#8220; css=&#8220;.vc_custom_1739268946332{background-color: #ffffff !important;}&#8220;][vc_column width=&#8220;1\/2&#8243;]<div class=\"sc_section sc_section_block margin_top_tiny-\"><div class=\"sc_section_inner\"><div class=\"sc_section_content_wrap\">[vc_column_text]<\/p>\n<h4 class=\"p1\"><span class=\"s1\">HU\/AU (Hauptuntersuchung und Abgasuntersuchung):<\/span><\/h4>\n<p class=\"p1\"><span class=\"s1\">Bei uns wird jeden Mittwoch vom T\u00dcV Nord gepr\u00fcft. <\/span>Melden Sie bitte Ihr Fahrzeug vorher an, damit wir alles f\u00fcr Sie vorbereiten k\u00f6nnen.<\/p>\n<p>[\/vc_column_text]<\/div><\/div><\/div>[\/vc_column][vc_column width=&#8220;1\/2&#8243;][vc_empty_space height=&#8220;3em&#8220;][vc_single_image image=&#8220;1781&#8243; img_size=&#8220;Medium&#8220;][\/vc_column][\/vc_row][vc_row full_width=&#8220;stretch_row&#8220; css=&#8220;.vc_custom_1449134047180{background-color: #ffffff !important;}&#8220;][vc_column]<div class=\"sc_section sc_section_block margin_top_tiny-\"><div class=\"sc_section_inner\"><div class=\"sc_section_content_wrap\">[vc_column_text]<\/p>\n<h4>Klimaservice:<\/h4>\n<p class=\"p1\"><span class=\"s1\">Unser Klimacheck beinhaltet nicht nur die Bef\u00fcllung und Entleerung Ihrer Klimaanlage, sondern auch die sorgf\u00e4ltige Pr\u00fcfung der Klima-Bauteile sowie den Tausch des Innenraumfilters.<\/span><\/p>\n<p>[\/vc_column_text][vc_empty_space height=&#8220;3em&#8220;]<\/div><\/div><\/div>[\/vc_column][\/vc_row][vc_row full_width=&#8220;stretch_row&#8220; css=&#8220;.vc_custom_1449134047180{background-color: #ffffff !important;}&#8220;][vc_column width=&#8220;1\/2&#8243;]<div class=\"sc_section sc_section_block margin_top_tiny-\"><div class=\"sc_section_inner\"><div class=\"sc_section_content_wrap\">[vc_column_text]<\/p>\n<h4 class=\"p1\"><span class=\"s1\">Reifenservice und Einlagerung:<\/span><\/h4>\n<p class=\"p1\"><span class=\"s1\">Sie wissen nicht, wohin mit den Winterreifen im Sommer? Verlassen Sie sich auf unseren umfassenden Reifenservice &#8211; vom professionellen Reifenwechsel bis zur sicheren Einlagerung. Gerne beraten wir Sie pers\u00f6nlich zu allen Fragen rund um Reifen, auch f\u00fcr Ihren geliebten Oldtimer.<\/span><\/p>\n<p>[\/vc_column_text]<\/div><\/div><\/div>[\/vc_column][vc_column width=&#8220;1\/2&#8243;][vc_empty_space height=&#8220;3em&#8220;][vc_single_image image=&#8220;1780&#8243; img_size=&#8220;Medium&#8220;][\/vc_column][\/vc_row][vc_row full_width=&#8220;stretch_row&#8220; css=&#8220;.vc_custom_1449134047180{background-color: #ffffff !important;}&#8220;][vc_column width=&#8220;1\/2&#8243;]<div class=\"sc_section sc_section_block margin_top_tiny-\"><div class=\"sc_section_inner\"><div class=\"sc_section_content_wrap\">[vc_column_text]<\/p>\n<h4 class=\"p1\"><span class=\"s1\">Vorteile von a1 autoservice f\u00fcr alle Marken und Modelle:<\/span><\/h4>\n<p class=\"p1\"><span class=\"s1\">Als stolzer <a href=\"https:\/\/wilde.go1a.de\/\" target=\"_blank\" rel=\"noopener\">Partner von a1 autoservice<\/a> haben wir Zugriff auf umfassende Fahrzeugdaten, Einbauanleitungen und technische Daten f\u00fcr nahezu alle Marken und Modelle. Bei uns erwartet Sie nicht nur ein fundiertes technisches Know-how und langj\u00e4hrige Erfahrung, sondern auch eine herstellerneutrale Beratung, die ganz auf Ihre individuellen Bed\u00fcrfnisse zugeschnitten ist.<\/span><\/p>\n<p>[\/vc_column_text][vc_empty_space height=&#8220;1em&#8220;]<\/div><\/div><\/div>[\/vc_column][vc_column width=&#8220;1\/2&#8243;][vc_empty_space height=&#8220;3em&#8220;][vc_single_image image=&#8220;1785&#8243; img_size=&#8220;Medium&#8220;][\/vc_column][\/vc_row][vc_row full_width=&#8220;stretch_row&#8220; css=&#8220;.vc_custom_1449134047180{background-color: #ffffff !important;}&#8220;][vc_column]<div class=\"sc_section sc_section_block margin_top_tiny-\"><div class=\"sc_section_inner\"><div class=\"sc_section_content_wrap\">[vc_column_text]<\/p>\n<h4 class=\"p1\"><span class=\"s1\">Unfallschadenmanagement:<\/span><\/h4>\n<p class=\"p1\"><span class=\"s1\">Hatten Sie einen Unfall? Keine Sorge, wir stehen Ihnen mit fachm\u00e4nnischer Hilfe zur Seite. Von der Abwicklung mit der Versicherung bis zur Reparatur Ihres Fahrzeugs, wir k\u00fcmmern uns um alles.<\/span><\/p>\n<p>[\/vc_column_text][vc_empty_space height=&#8220;3em&#8220;]<\/div><\/div><\/div>[\/vc_column][\/vc_row][vc_row][vc_column][vc_empty_space height=&#8220;3em&#8220;][vc_column_text]<strong>Unser Ziel ist es, Ihnen exzellenten Service und h\u00f6chste Qualit\u00e4t zu bieten.<\/strong><br \/>\nUnabh\u00e4ngig davon, ob es sich um eine <a href=\"https:\/\/wilde-werkstatt.de\/hamburg\/service\/inspektion-wartung\/\">Inspektion<\/a>, <a href=\"https:\/\/wilde-werkstatt.de\/hamburg\/service\/reparatur-autorport\/\">Reparatur<\/a>, <a href=\"https:\/\/wilde-werkstatt.de\/hamburg\/service\/restauration-autoport\/\">Restauration<\/a> oder <a href=\"https:\/\/wilde-werkstatt.de\/hamburg\/service\/motorrevision-autoport\/\">Motorrevision<\/a> handelt, k\u00f6nnen Sie auf unser Fachwissen, unsere Erfahrung und unser Engagement vertrauen. Wir k\u00fcmmern uns um Ihr Fahrzeug mit Sorgfalt und Pr\u00e4zision, um sicherzustellen, dass es in bestem Zustand bleibt und Sie uneingeschr\u00e4nkte Freude daran haben.[\/vc_column_text][vc_empty_space height=&#8220;3em&#8220;][\/vc_column][\/vc_row][vc_row][vc_column][vc_empty_space height=&#8220;2em&#8220;][vc_single_image image=&#8220;1473&#8243; img_size=&#8220;full&#8220;][vc_empty_space height=&#8220;2em&#8220;][\/vc_column][\/vc_row][vc_row][vc_column][\/vc_column][\/vc_row]<\/p>\n<\/section>","protected":false},"excerpt":{"rendered":"<p>[vc_row full_width=&#8220;stretch_row&#8220; css=&#8220;.vc_custom_1449134047180{background-color: #ffffff !important;}&#8220;][vc_column][\/vc_column][\/vc_row][vc_row full_width=&#8220;stretch_row&#8220; css=&#8220;.vc_custom_1449134047180{background-color: #ffffff !important;}&#8220;][vc_column width=&#8220;1\/2&#8243;][vc_single_image image=&#8220;1790&#8243; img_size=&#8220;Medium&#8220;][vc_empty_space height=&#8220;3em&#8220;][\/vc_column][vc_column width=&#8220;1\/2&#8243;][\/vc_column][\/vc_row][vc_row full_width=&#8220;stretch_row&#8220; css=&#8220;.vc_custom_1739268946332{background-color: #ffffff !important;}&#8220;][vc_column width=&#8220;1\/2&#8243;][\/vc_column][vc_column width=&#8220;1\/2&#8243;][vc_empty_space height=&#8220;3em&#8220;][vc_single_image image=&#8220;1781&#8243; img_size=&#8220;Medium&#8220;][\/vc_column][\/vc_row][vc_row full_width=&#8220;stretch_row&#8220; css=&#8220;.vc_custom_1449134047180{background-color: #ffffff !important;}&#8220;][vc_column][\/vc_column][\/vc_row][vc_row full_width=&#8220;stretch_row&#8220; css=&#8220;.vc_custom_1449134047180{background-color: #ffffff !important;}&#8220;][vc_column width=&#8220;1\/2&#8243;][\/vc_column][vc_column width=&#8220;1\/2&#8243;][vc_empty_space height=&#8220;3em&#8220;][vc_single_image image=&#8220;1780&#8243; img_size=&#8220;Medium&#8220;][\/vc_column][\/vc_row][vc_row full_width=&#8220;stretch_row&#8220; css=&#8220;.vc_custom_1449134047180{background-color: #ffffff !important;}&#8220;][vc_column width=&#8220;1\/2&#8243;][\/vc_column][vc_column width=&#8220;1\/2&#8243;][vc_empty_space height=&#8220;3em&#8220;][vc_single_image image=&#8220;1785&#8243; img_size=&#8220;Medium&#8220;][\/vc_column][\/vc_row][vc_row full_width=&#8220;stretch_row&#8220; css=&#8220;.vc_custom_1449134047180{background-color: #ffffff !important;}&#8220;][vc_column][\/vc_column][\/vc_row][vc_row][vc_column][vc_empty_space height=&#8220;3em&#8220;][vc_column_text]Unser Ziel ist es, Ihnen exzellenten [&hellip;]<\/p>\n","protected":false},"author":1,"featured_media":0,"parent":1423,"menu_order":0,"comment_status":"closed","ping_status":"closed","template":"","meta":{"footnotes":""},"class_list":["post-1773","page","type-page","status-publish","hentry"],"yoast_head":"<!-- This site is optimized with the Yoast SEO plugin v25.8 - https:\/\/yoast.com\/wordpress\/plugins\/seo\/ -->\n<title>Weitere Leistungen - Autoport Oettinger &amp; Wilde<\/title>\n<meta name=\"description\" content=\"Reifenservice, Einlagerung, T\u00dcV, HU &amp; AU, Klimaanlage, Unfallreparatur, alle Marken und Modelle. a1 autoservice - Werkstatt in Hamburg Bramfeld seit 1980.\" \/>\n<meta name=\"robots\" content=\"index, follow, max-snippet:-1, max-image-preview:large, max-video-preview:-1\" \/>\n<link rel=\"canonical\" href=\"https:\/\/wilde-werkstatt.de\/hamburg\/service\/alle-leistungen\/\" \/>\n<meta property=\"og:locale\" content=\"de_DE\" \/>\n<meta property=\"og:type\" content=\"article\" \/>\n<meta property=\"og:title\" content=\"Weitere Leistungen - Autoport Oettinger &amp; Wilde\" \/>\n<meta property=\"og:description\" content=\"Reifenservice, Einlagerung, T\u00dcV, HU &amp; AU, Klimaanlage, Unfallreparatur, alle Marken und Modelle. a1 autoservice - Werkstatt in Hamburg Bramfeld seit 1980.\" \/>\n<meta property=\"og:url\" content=\"https:\/\/wilde-werkstatt.de\/hamburg\/service\/alle-leistungen\/\" \/>\n<meta property=\"og:site_name\" content=\"Autoport Oettinger &amp; Wilde\" \/>\n<meta property=\"article:publisher\" content=\"https:\/\/www.facebook.com\/wildewerkstatt\/\" \/>\n<meta property=\"article:modified_time\" content=\"2025-02-11T10:58:33+00:00\" \/>\n<meta name=\"twitter:card\" content=\"summary_large_image\" \/>\n<meta name=\"twitter:label1\" content=\"Gesch\u00e4tzte Lesezeit\" \/>\n\t<meta name=\"twitter:data1\" content=\"4\u00a0Minuten\" \/>\n<script type=\"application\/ld+json\" class=\"yoast-schema-graph\">{\"@context\":\"https:\/\/schema.org\",\"@graph\":[{\"@type\":\"WebPage\",\"@id\":\"https:\/\/wilde-werkstatt.de\/hamburg\/service\/alle-leistungen\/\",\"url\":\"https:\/\/wilde-werkstatt.de\/hamburg\/service\/alle-leistungen\/\",\"name\":\"Weitere Leistungen - Autoport Oettinger &amp; Wilde\",\"isPartOf\":{\"@id\":\"https:\/\/wilde-werkstatt.de\/hamburg\/#website\"},\"datePublished\":\"2023-04-09T07:20:23+00:00\",\"dateModified\":\"2025-02-11T10:58:33+00:00\",\"description\":\"Reifenservice, Einlagerung, T\u00dcV, HU & AU, Klimaanlage, Unfallreparatur, alle Marken und Modelle. a1 autoservice - Werkstatt in Hamburg Bramfeld seit 1980.\",\"breadcrumb\":{\"@id\":\"https:\/\/wilde-werkstatt.de\/hamburg\/service\/alle-leistungen\/#breadcrumb\"},\"inLanguage\":\"de\",\"potentialAction\":[{\"@type\":\"ReadAction\",\"target\":[\"https:\/\/wilde-werkstatt.de\/hamburg\/service\/alle-leistungen\/\"]}]},{\"@type\":\"BreadcrumbList\",\"@id\":\"https:\/\/wilde-werkstatt.de\/hamburg\/service\/alle-leistungen\/#breadcrumb\",\"itemListElement\":[{\"@type\":\"ListItem\",\"position\":1,\"name\":\"Startseite\",\"item\":\"https:\/\/wilde-werkstatt.de\/hamburg\/\"},{\"@type\":\"ListItem\",\"position\":2,\"name\":\"Service\",\"item\":\"https:\/\/wilde-werkstatt.de\/hamburg\/service\/\"},{\"@type\":\"ListItem\",\"position\":3,\"name\":\"Weitere Leistungen\"}]},{\"@type\":\"WebSite\",\"@id\":\"https:\/\/wilde-werkstatt.de\/hamburg\/#website\",\"url\":\"https:\/\/wilde-werkstatt.de\/hamburg\/\",\"name\":\"Autoport Oettinger & Wilde\",\"description\":\"\",\"publisher\":{\"@id\":\"https:\/\/wilde-werkstatt.de\/hamburg\/#organization\"},\"potentialAction\":[{\"@type\":\"SearchAction\",\"target\":{\"@type\":\"EntryPoint\",\"urlTemplate\":\"https:\/\/wilde-werkstatt.de\/hamburg\/?s={search_term_string}\"},\"query-input\":{\"@type\":\"PropertyValueSpecification\",\"valueRequired\":true,\"valueName\":\"search_term_string\"}}],\"inLanguage\":\"de\"},{\"@type\":\"Organization\",\"@id\":\"https:\/\/wilde-werkstatt.de\/hamburg\/#organization\",\"name\":\"Autoport Oettinger & Wilde\",\"url\":\"https:\/\/wilde-werkstatt.de\/hamburg\/\",\"logo\":{\"@type\":\"ImageObject\",\"inLanguage\":\"de\",\"@id\":\"https:\/\/wilde-werkstatt.de\/hamburg\/#\/schema\/logo\/image\/\",\"url\":\"https:\/\/wilde-werkstatt.de\/hamburg\/wp-content\/uploads\/2019\/11\/Logo-mit-Schrift-grau-1.png\",\"contentUrl\":\"https:\/\/wilde-werkstatt.de\/hamburg\/wp-content\/uploads\/2019\/11\/Logo-mit-Schrift-grau-1.png\",\"width\":939,\"height\":405,\"caption\":\"Autoport Oettinger & Wilde\"},\"image\":{\"@id\":\"https:\/\/wilde-werkstatt.de\/hamburg\/#\/schema\/logo\/image\/\"},\"sameAs\":[\"https:\/\/www.facebook.com\/wildewerkstatt\/\",\"https:\/\/www.instagram.com\/wilde.werkstatt\/\"]}]}<\/script>\n<!-- \/ Yoast SEO plugin. -->","yoast_head_json":{"title":"Weitere Leistungen - Autoport Oettinger &amp; Wilde","description":"Reifenservice, Einlagerung, T\u00dcV, HU & AU, Klimaanlage, Unfallreparatur, alle Marken und Modelle. a1 autoservice - Werkstatt in Hamburg Bramfeld seit 1980.","robots":{"index":"index","follow":"follow","max-snippet":"max-snippet:-1","max-image-preview":"max-image-preview:large","max-video-preview":"max-video-preview:-1"},"canonical":"https:\/\/wilde-werkstatt.de\/hamburg\/service\/alle-leistungen\/","og_locale":"de_DE","og_type":"article","og_title":"Weitere Leistungen - Autoport Oettinger &amp; Wilde","og_description":"Reifenservice, Einlagerung, T\u00dcV, HU & AU, Klimaanlage, Unfallreparatur, alle Marken und Modelle. a1 autoservice - Werkstatt in Hamburg Bramfeld seit 1980.","og_url":"https:\/\/wilde-werkstatt.de\/hamburg\/service\/alle-leistungen\/","og_site_name":"Autoport Oettinger &amp; Wilde","article_publisher":"https:\/\/www.facebook.com\/wildewerkstatt\/","article_modified_time":"2025-02-11T10:58:33+00:00","twitter_card":"summary_large_image","twitter_misc":{"Gesch\u00e4tzte Lesezeit":"4\u00a0Minuten"},"schema":{"@context":"https:\/\/schema.org","@graph":[{"@type":"WebPage","@id":"https:\/\/wilde-werkstatt.de\/hamburg\/service\/alle-leistungen\/","url":"https:\/\/wilde-werkstatt.de\/hamburg\/service\/alle-leistungen\/","name":"Weitere Leistungen - Autoport Oettinger &amp; Wilde","isPartOf":{"@id":"https:\/\/wilde-werkstatt.de\/hamburg\/#website"},"datePublished":"2023-04-09T07:20:23+00:00","dateModified":"2025-02-11T10:58:33+00:00","description":"Reifenservice, Einlagerung, T\u00dcV, HU & AU, Klimaanlage, Unfallreparatur, alle Marken und Modelle. a1 autoservice - Werkstatt in Hamburg Bramfeld seit 1980.","breadcrumb":{"@id":"https:\/\/wilde-werkstatt.de\/hamburg\/service\/alle-leistungen\/#breadcrumb"},"inLanguage":"de","potentialAction":[{"@type":"ReadAction","target":["https:\/\/wilde-werkstatt.de\/hamburg\/service\/alle-leistungen\/"]}]},{"@type":"BreadcrumbList","@id":"https:\/\/wilde-werkstatt.de\/hamburg\/service\/alle-leistungen\/#breadcrumb","itemListElement":[{"@type":"ListItem","position":1,"name":"Startseite","item":"https:\/\/wilde-werkstatt.de\/hamburg\/"},{"@type":"ListItem","position":2,"name":"Service","item":"https:\/\/wilde-werkstatt.de\/hamburg\/service\/"},{"@type":"ListItem","position":3,"name":"Weitere Leistungen"}]},{"@type":"WebSite","@id":"https:\/\/wilde-werkstatt.de\/hamburg\/#website","url":"https:\/\/wilde-werkstatt.de\/hamburg\/","name":"Autoport Oettinger & Wilde","description":"","publisher":{"@id":"https:\/\/wilde-werkstatt.de\/hamburg\/#organization"},"potentialAction":[{"@type":"SearchAction","target":{"@type":"EntryPoint","urlTemplate":"https:\/\/wilde-werkstatt.de\/hamburg\/?s={search_term_string}"},"query-input":{"@type":"PropertyValueSpecification","valueRequired":true,"valueName":"search_term_string"}}],"inLanguage":"de"},{"@type":"Organization","@id":"https:\/\/wilde-werkstatt.de\/hamburg\/#organization","name":"Autoport Oettinger & Wilde","url":"https:\/\/wilde-werkstatt.de\/hamburg\/","logo":{"@type":"ImageObject","inLanguage":"de","@id":"https:\/\/wilde-werkstatt.de\/hamburg\/#\/schema\/logo\/image\/","url":"https:\/\/wilde-werkstatt.de\/hamburg\/wp-content\/uploads\/2019\/11\/Logo-mit-Schrift-grau-1.png","contentUrl":"https:\/\/wilde-werkstatt.de\/hamburg\/wp-content\/uploads\/2019\/11\/Logo-mit-Schrift-grau-1.png","width":939,"height":405,"caption":"Autoport Oettinger & Wilde"},"image":{"@id":"https:\/\/wilde-werkstatt.de\/hamburg\/#\/schema\/logo\/image\/"},"sameAs":["https:\/\/www.facebook.com\/wildewerkstatt\/","https:\/\/www.instagram.com\/wilde.werkstatt\/"]}]}},"_links":{"self":[{"href":"https:\/\/wilde-werkstatt.de\/hamburg\/wp-json\/wp\/v2\/pages\/1773","targetHints":{"allow":["GET"]}}],"collection":[{"href":"https:\/\/wilde-werkstatt.de\/hamburg\/wp-json\/wp\/v2\/pages"}],"about":[{"href":"https:\/\/wilde-werkstatt.de\/hamburg\/wp-json\/wp\/v2\/types\/page"}],"author":[{"embeddable":true,"href":"https:\/\/wilde-werkstatt.de\/hamburg\/wp-json\/wp\/v2\/users\/1"}],"replies":[{"embeddable":true,"href":"https:\/\/wilde-werkstatt.de\/hamburg\/wp-json\/wp\/v2\/comments?post=1773"}],"version-history":[{"count":39,"href":"https:\/\/wilde-werkstatt.de\/hamburg\/wp-json\/wp\/v2\/pages\/1773\/revisions"}],"predecessor-version":[{"id":1929,"href":"https:\/\/wilde-werkstatt.de\/hamburg\/wp-json\/wp\/v2\/pages\/1773\/revisions\/1929"}],"up":[{"embeddable":true,"href":"https:\/\/wilde-werkstatt.de\/hamburg\/wp-json\/wp\/v2\/pages\/1423"}],"wp:attachment":[{"href":"https:\/\/wilde-werkstatt.de\/hamburg\/wp-json\/wp\/v2\/media?parent=1773"}],"curies":[{"name":"wp","href":"https:\/\/api.w.org\/{rel}","templated":true}]}}