{"id":1423,"date":"2020-10-07T13:12:05","date_gmt":"2020-10-07T13:12:05","guid":{"rendered":"https:\/\/wilde-werkstatt.de\/hamburg\/service-plus\/"},"modified":"2025-02-11T14:40:54","modified_gmt":"2025-02-11T13:40:54","slug":"service","status":"publish","type":"page","link":"https:\/\/wilde-werkstatt.de\/hamburg\/service\/","title":{"rendered":"Service"},"content":{"rendered":"<section class=\"wpb-content-wrapper\"><p>[vc_row full_width=&#8220;stretch_row&#8220; css=&#8220;.vc_custom_1449134047180{background-color: #ffffff !important;}&#8220;][vc_column]<div class=\"sc_section sc_section_block \"><div class=\"sc_section_inner\"><div class=\"sc_section_content_wrap\">[vc_column_text css=&#8220;.vc_custom_1739281127507{margin-bottom: 40px !important;}&#8220;]<\/p>\n<h3><strong>Ihr Experte in Hamburg<\/strong><\/h3>\n<p>[\/vc_column_text][vc_column_text]<strong>Suchen Sie einen erfahrenen Partner f\u00fcr Ihre klassischen Porsche &amp; VW-Oldtimer oder Youngtimer in Hamburg?<\/strong><\/p>\n<p>Unsere Werkstatt ist die ideale Anlaufstelle, um Ihr Fahrzeug f\u00fcr den t\u00e4glichen Einsatz, die n\u00e4chste Ausfahrt oder ein Treffen perfekt vorzubereiten. Mit unserem technischen Sachverstand und jahrzehntelanger Erfahrung finden wir gemeinsam mit Ihnen den passenden Weg f\u00fcr die Pflege und Optimierung Ihres Fahrzeugs.<\/p>\n<p>Dank \u00fcber 35 Jahren Erfahrung und zwei Generationen automobilen Fachwissens sind wir einzigartig in unserer Kenntnis und F\u00e4higkeit, nicht nur g\u00e4ngige, sondern auch spezielle technische Probleme zu l\u00f6sen, die Sie in keinem Handbuch oder Forum finden.<\/p>\n<p>Unser umfassendes Leistungsangebot f\u00fcr Liebhaber klassischer Automobile reicht von kleinen Inspektionen \u00fcber Instandsetzungen und Pflege bis hin zur vollst\u00e4ndigen Restaurierung.<\/p>\n<p>Vertrauen Sie auf unsere Expertise, um Ihren Youngtimer oder Oldtimer in bestm\u00f6glichem Zustand zu erhalten.[\/vc_column_text]<\/div><\/div><\/div>[vc_column_text css=&#8220;.vc_custom_1680591788559{margin-top: -30px !important;}&#8220;]<\/p>\n<h4 style=\"text-align: center;\">Unsere Leistungen im \u00dcberblick<\/h4>\n<p>[\/vc_column_text][vc_empty_space height=&#8220;1em&#8220;][\/vc_column][\/vc_row][vc_row content_placement=&#8220;middle&#8220;][vc_column width=&#8220;1\/4&#8243;][vc_column_text]<\/p>\n<h5 style=\"text-align: center;\"><span style=\"color: #a30303;\">Inspektion<\/span><\/h5>\n<p>[\/vc_column_text][vc_hoverbox image=&#8220;1547&#8243; primary_title=&#8220;&#8220; hover_title=&#8220;&#8220; shape=&#8220;square&#8220; hover_background_color=&#8220;custom&#8220; hover_btn_title=&#8220;Mehr erfahren&#8220; hover_btn_shape=&#8220;square&#8220; hover_btn_color=&#8220;white&#8220; hover_btn_size=&#8220;sm&#8220; css_animation=&#8220;fadeIn&#8220; hover_add_button=&#8220;true&#8220; hover_custom_background=&#8220;#aa2323&#8243; hover_btn_link=&#8220;url:https%3A%2F%2Fwilde-werkstatt.de%2Fhamburg%2Fservice%2Finspektion-wartung%2F|title:Inspektion&#8220;]<span style=\"color: #ffffff;\">Regelm\u00e4\u00dfige Inspektionen erh\u00f6hen die Sicherheit und erhalten den Wert.<\/span>[\/vc_hoverbox][\/vc_column][vc_column width=&#8220;1\/4&#8243;][vc_column_text]<\/p>\n<h5 style=\"text-align: center;\"><span style=\"color: #a30303;\">Reparatur<\/span><\/h5>\n<p>[\/vc_column_text][vc_hoverbox image=&#8220;1548&#8243; primary_title=&#8220;&#8220; hover_title=&#8220;&#8220; shape=&#8220;square&#8220; hover_background_color=&#8220;custom&#8220; hover_btn_title=&#8220;Mehr erfahren&#8220; hover_btn_shape=&#8220;square&#8220; hover_btn_color=&#8220;white&#8220; hover_btn_size=&#8220;sm&#8220; css_animation=&#8220;fadeIn&#8220; hover_add_button=&#8220;true&#8220; hover_custom_background=&#8220;#aa2323&#8243; hover_btn_link=&#8220;url:https%3A%2F%2Fwilde-werkstatt.de%2Fhamburg%2Fservice%2Freparatur-autorport%2F|title:Reparatur&#8220;]<span style=\"color: #ffffff;\">Wir befassen uns seit 1980 mit der Reparatur von Old- und Youngtimern der Marken Porsche.<\/span>[\/vc_hoverbox][\/vc_column][vc_column width=&#8220;1\/4&#8243;][vc_column_text]<\/p>\n<h5 style=\"text-align: center;\"><span style=\"color: #a30303;\">Restauration<\/span><\/h5>\n<p>[\/vc_column_text][vc_hoverbox image=&#8220;1549&#8243; primary_title=&#8220;&#8220; hover_title=&#8220;&#8220; shape=&#8220;square&#8220; hover_background_color=&#8220;custom&#8220; hover_btn_title=&#8220;Mehr erfahren&#8220; hover_btn_shape=&#8220;square&#8220; hover_btn_color=&#8220;white&#8220; hover_btn_size=&#8220;sm&#8220; css_animation=&#8220;fadeIn&#8220; hover_add_button=&#8220;true&#8220; hover_custom_background=&#8220;#aa2323&#8243; hover_btn_link=&#8220;url:https%3A%2F%2Fwilde-werkstatt.de%2Fhamburg%2Fservice%2Frestauration-autoport%2F|title:Restauration&#8220;]<span style=\"color: #ffffff;\">Professionelle Restauration luftgek\u00fchlter Porsche Modelle vom 356 bis zum 993.<\/span>[\/vc_hoverbox][\/vc_column][vc_column width=&#8220;1\/4&#8243;][vc_column_text]<\/p>\n<h5 style=\"text-align: center;\"><span style=\"color: #a30303;\">Revision<\/span><\/h5>\n<p>[\/vc_column_text][vc_hoverbox image=&#8220;1546&#8243; primary_title=&#8220;&#8220; hover_title=&#8220;&#8220; shape=&#8220;square&#8220; hover_background_color=&#8220;custom&#8220; hover_btn_title=&#8220;Mehr erfahren&#8220; hover_btn_shape=&#8220;square&#8220; hover_btn_color=&#8220;white&#8220; hover_btn_size=&#8220;sm&#8220; css_animation=&#8220;fadeIn&#8220; hover_add_button=&#8220;true&#8220; hover_custom_background=&#8220;#aa2323&#8243; hover_btn_link=&#8220;url:https%3A%2F%2Fwilde-werkstatt.de%2Fhamburg%2Fservice%2Fmotorrevision-autoport%2F|title:Motorrevision&#8220;]<span style=\"color: #ffffff;\">Seit mehreren Jahrzehnten setzen wir Porsche Sechszylindermotoren instand.<\/span>[\/vc_hoverbox][\/vc_column][\/vc_row][vc_row content_placement=&#8220;middle&#8220;][vc_column][vc_empty_space height=&#8220;3em&#8220;][vc_btn title=&#8220;Und einiges mehr&#8230;&#8220; style=&#8220;flat&#8220; shape=&#8220;square&#8220; size=&#8220;sm&#8220; align=&#8220;center&#8220; css_animation=&#8220;fadeIn&#8220; link=&#8220;url:https%3A%2F%2Fwilde-werkstatt.de%2Fhamburg%2Fservice%2Falle-leistungen%2F|title:Weitere%20Leistungen&#8220;][\/vc_column][\/vc_row][vc_row][vc_column][vc_column_text css=&#8220;.vc_custom_1681198013134{margin-top: -10px !important;}&#8220;]<\/p>\n<h5 style=\"text-align: center;\">Ihr Auto-Komplettservice bei Autoport Oettinger &amp; Wilde<\/h5>\n<p>[\/vc_column_text][\/vc_column][vc_column][vc_empty_space height=&#8220;3em&#8220;][vc_column_text]<strong>Neben unserer Expertise in Youngtimern, Oldtimern und Porsche-Fahrzeugen, beherrschen wir auch die modernste Autotechnik.<\/strong><\/p>\n<p>Ihr Fahrzeug ist bei uns stets in den besten H\u00e4nden, um seine optimale Funktion zu gew\u00e4hrleisten. Dar\u00fcber hinaus k\u00fcmmern wir uns mit Begeisterung um moderne Supersportwagen und seltene Exoten.[\/vc_column_text][vc_empty_space height=&#8220;1em&#8220;][\/vc_column][\/vc_row][vc_row][vc_column][vc_single_image image=&#8220;1473&#8243; img_size=&#8220;full&#8220;][vc_empty_space height=&#8220;2em&#8220;][\/vc_column][\/vc_row]<\/p>\n<\/section>","protected":false},"excerpt":{"rendered":"<p>[vc_row full_width=&#8220;stretch_row&#8220; css=&#8220;.vc_custom_1449134047180{background-color: #ffffff !important;}&#8220;][vc_column][vc_column_text css=&#8220;.vc_custom_1680591788559{margin-top: -30px !important;}&#8220;] Unsere Leistungen im \u00dcberblick [\/vc_column_text][vc_empty_space height=&#8220;1em&#8220;][\/vc_column][\/vc_row][vc_row content_placement=&#8220;middle&#8220;][vc_column width=&#8220;1\/4&#8243;][vc_column_text] Inspektion [\/vc_column_text][vc_hoverbox image=&#8220;1547&#8243; primary_title=&#8220;&#8220; hover_title=&#8220;&#8220; shape=&#8220;square&#8220; hover_background_color=&#8220;custom&#8220; hover_btn_title=&#8220;Mehr erfahren&#8220; hover_btn_shape=&#8220;square&#8220; hover_btn_color=&#8220;white&#8220; hover_btn_size=&#8220;sm&#8220; css_animation=&#8220;fadeIn&#8220; hover_add_button=&#8220;true&#8220; hover_custom_background=&#8220;#aa2323&#8243; hover_btn_link=&#8220;url:https%3A%2F%2Fwilde-werkstatt.de%2Fhamburg%2Fservice%2Finspektion-wartung%2F|title:Inspektion&#8220;]Regelm\u00e4\u00dfige Inspektionen erh\u00f6hen die Sicherheit und erhalten den Wert.[\/vc_hoverbox][\/vc_column][vc_column width=&#8220;1\/4&#8243;][vc_column_text] Reparatur [\/vc_column_text][vc_hoverbox image=&#8220;1548&#8243; primary_title=&#8220;&#8220; hover_title=&#8220;&#8220; shape=&#8220;square&#8220; hover_background_color=&#8220;custom&#8220; hover_btn_title=&#8220;Mehr erfahren&#8220; hover_btn_shape=&#8220;square&#8220; hover_btn_color=&#8220;white&#8220; hover_btn_size=&#8220;sm&#8220; css_animation=&#8220;fadeIn&#8220; hover_add_button=&#8220;true&#8220; [&hellip;]<\/p>\n","protected":false},"author":1,"featured_media":0,"parent":0,"menu_order":0,"comment_status":"closed","ping_status":"closed","template":"","meta":{"footnotes":""},"class_list":["post-1423","page","type-page","status-publish","hentry"],"yoast_head":"<!-- This site is optimized with the Yoast SEO plugin v25.8 - https:\/\/yoast.com\/wordpress\/plugins\/seo\/ -->\n<title>Service - Autoport Oettinger &amp; Wilde<\/title>\n<meta name=\"description\" content=\"Wir stehen f\u00fcr Kompetenz rund um alle klassischen Porsche &amp; VW Modelle. Wartung, Reparatur von Motor- &amp; Getriebe, Inspektion und Restauration.\" \/>\n<meta name=\"robots\" content=\"index, follow, max-snippet:-1, max-image-preview:large, max-video-preview:-1\" \/>\n<link rel=\"canonical\" href=\"https:\/\/wilde-werkstatt.de\/hamburg\/service\/\" \/>\n<meta property=\"og:locale\" content=\"de_DE\" \/>\n<meta property=\"og:type\" content=\"article\" \/>\n<meta property=\"og:title\" content=\"Service - Autoport Oettinger &amp; Wilde\" \/>\n<meta property=\"og:description\" content=\"Wir stehen f\u00fcr Kompetenz rund um alle klassischen Porsche &amp; VW Modelle. Wartung, Reparatur von Motor- &amp; Getriebe, Inspektion und Restauration.\" \/>\n<meta property=\"og:url\" content=\"https:\/\/wilde-werkstatt.de\/hamburg\/service\/\" \/>\n<meta property=\"og:site_name\" content=\"Autoport Oettinger &amp; Wilde\" \/>\n<meta property=\"article:publisher\" content=\"https:\/\/www.facebook.com\/wildewerkstatt\/\" \/>\n<meta property=\"article:modified_time\" content=\"2025-02-11T13:40:54+00:00\" \/>\n<meta name=\"twitter:card\" content=\"summary_large_image\" \/>\n<meta name=\"twitter:label1\" content=\"Gesch\u00e4tzte Lesezeit\" \/>\n\t<meta name=\"twitter:data1\" content=\"3\u00a0Minuten\" \/>\n<script type=\"application\/ld+json\" class=\"yoast-schema-graph\">{\"@context\":\"https:\/\/schema.org\",\"@graph\":[{\"@type\":\"WebPage\",\"@id\":\"https:\/\/wilde-werkstatt.de\/hamburg\/service\/\",\"url\":\"https:\/\/wilde-werkstatt.de\/hamburg\/service\/\",\"name\":\"Service - Autoport Oettinger &amp; Wilde\",\"isPartOf\":{\"@id\":\"https:\/\/wilde-werkstatt.de\/hamburg\/#website\"},\"datePublished\":\"2020-10-07T13:12:05+00:00\",\"dateModified\":\"2025-02-11T13:40:54+00:00\",\"description\":\"Wir stehen f\u00fcr Kompetenz rund um alle klassischen Porsche & VW Modelle. Wartung, Reparatur von Motor- & Getriebe, Inspektion und Restauration.\",\"breadcrumb\":{\"@id\":\"https:\/\/wilde-werkstatt.de\/hamburg\/service\/#breadcrumb\"},\"inLanguage\":\"de\",\"potentialAction\":[{\"@type\":\"ReadAction\",\"target\":[\"https:\/\/wilde-werkstatt.de\/hamburg\/service\/\"]}]},{\"@type\":\"BreadcrumbList\",\"@id\":\"https:\/\/wilde-werkstatt.de\/hamburg\/service\/#breadcrumb\",\"itemListElement\":[{\"@type\":\"ListItem\",\"position\":1,\"name\":\"Startseite\",\"item\":\"https:\/\/wilde-werkstatt.de\/hamburg\/\"},{\"@type\":\"ListItem\",\"position\":2,\"name\":\"Service\"}]},{\"@type\":\"WebSite\",\"@id\":\"https:\/\/wilde-werkstatt.de\/hamburg\/#website\",\"url\":\"https:\/\/wilde-werkstatt.de\/hamburg\/\",\"name\":\"Autoport Oettinger & Wilde\",\"description\":\"\",\"publisher\":{\"@id\":\"https:\/\/wilde-werkstatt.de\/hamburg\/#organization\"},\"potentialAction\":[{\"@type\":\"SearchAction\",\"target\":{\"@type\":\"EntryPoint\",\"urlTemplate\":\"https:\/\/wilde-werkstatt.de\/hamburg\/?s={search_term_string}\"},\"query-input\":{\"@type\":\"PropertyValueSpecification\",\"valueRequired\":true,\"valueName\":\"search_term_string\"}}],\"inLanguage\":\"de\"},{\"@type\":\"Organization\",\"@id\":\"https:\/\/wilde-werkstatt.de\/hamburg\/#organization\",\"name\":\"Autoport Oettinger & Wilde\",\"url\":\"https:\/\/wilde-werkstatt.de\/hamburg\/\",\"logo\":{\"@type\":\"ImageObject\",\"inLanguage\":\"de\",\"@id\":\"https:\/\/wilde-werkstatt.de\/hamburg\/#\/schema\/logo\/image\/\",\"url\":\"https:\/\/wilde-werkstatt.de\/hamburg\/wp-content\/uploads\/2019\/11\/Logo-mit-Schrift-grau-1.png\",\"contentUrl\":\"https:\/\/wilde-werkstatt.de\/hamburg\/wp-content\/uploads\/2019\/11\/Logo-mit-Schrift-grau-1.png\",\"width\":939,\"height\":405,\"caption\":\"Autoport Oettinger & Wilde\"},\"image\":{\"@id\":\"https:\/\/wilde-werkstatt.de\/hamburg\/#\/schema\/logo\/image\/\"},\"sameAs\":[\"https:\/\/www.facebook.com\/wildewerkstatt\/\",\"https:\/\/www.instagram.com\/wilde.werkstatt\/\"]}]}<\/script>\n<!-- \/ Yoast SEO plugin. -->","yoast_head_json":{"title":"Service - Autoport Oettinger &amp; Wilde","description":"Wir stehen f\u00fcr Kompetenz rund um alle klassischen Porsche & VW Modelle. Wartung, Reparatur von Motor- & Getriebe, Inspektion und Restauration.","robots":{"index":"index","follow":"follow","max-snippet":"max-snippet:-1","max-image-preview":"max-image-preview:large","max-video-preview":"max-video-preview:-1"},"canonical":"https:\/\/wilde-werkstatt.de\/hamburg\/service\/","og_locale":"de_DE","og_type":"article","og_title":"Service - Autoport Oettinger &amp; Wilde","og_description":"Wir stehen f\u00fcr Kompetenz rund um alle klassischen Porsche & VW Modelle. Wartung, Reparatur von Motor- & Getriebe, Inspektion und Restauration.","og_url":"https:\/\/wilde-werkstatt.de\/hamburg\/service\/","og_site_name":"Autoport Oettinger &amp; Wilde","article_publisher":"https:\/\/www.facebook.com\/wildewerkstatt\/","article_modified_time":"2025-02-11T13:40:54+00:00","twitter_card":"summary_large_image","twitter_misc":{"Gesch\u00e4tzte Lesezeit":"3\u00a0Minuten"},"schema":{"@context":"https:\/\/schema.org","@graph":[{"@type":"WebPage","@id":"https:\/\/wilde-werkstatt.de\/hamburg\/service\/","url":"https:\/\/wilde-werkstatt.de\/hamburg\/service\/","name":"Service - Autoport Oettinger &amp; Wilde","isPartOf":{"@id":"https:\/\/wilde-werkstatt.de\/hamburg\/#website"},"datePublished":"2020-10-07T13:12:05+00:00","dateModified":"2025-02-11T13:40:54+00:00","description":"Wir stehen f\u00fcr Kompetenz rund um alle klassischen Porsche & VW Modelle. Wartung, Reparatur von Motor- & Getriebe, Inspektion und Restauration.","breadcrumb":{"@id":"https:\/\/wilde-werkstatt.de\/hamburg\/service\/#breadcrumb"},"inLanguage":"de","potentialAction":[{"@type":"ReadAction","target":["https:\/\/wilde-werkstatt.de\/hamburg\/service\/"]}]},{"@type":"BreadcrumbList","@id":"https:\/\/wilde-werkstatt.de\/hamburg\/service\/#breadcrumb","itemListElement":[{"@type":"ListItem","position":1,"name":"Startseite","item":"https:\/\/wilde-werkstatt.de\/hamburg\/"},{"@type":"ListItem","position":2,"name":"Service"}]},{"@type":"WebSite","@id":"https:\/\/wilde-werkstatt.de\/hamburg\/#website","url":"https:\/\/wilde-werkstatt.de\/hamburg\/","name":"Autoport Oettinger & Wilde","description":"","publisher":{"@id":"https:\/\/wilde-werkstatt.de\/hamburg\/#organization"},"potentialAction":[{"@type":"SearchAction","target":{"@type":"EntryPoint","urlTemplate":"https:\/\/wilde-werkstatt.de\/hamburg\/?s={search_term_string}"},"query-input":{"@type":"PropertyValueSpecification","valueRequired":true,"valueName":"search_term_string"}}],"inLanguage":"de"},{"@type":"Organization","@id":"https:\/\/wilde-werkstatt.de\/hamburg\/#organization","name":"Autoport Oettinger & Wilde","url":"https:\/\/wilde-werkstatt.de\/hamburg\/","logo":{"@type":"ImageObject","inLanguage":"de","@id":"https:\/\/wilde-werkstatt.de\/hamburg\/#\/schema\/logo\/image\/","url":"https:\/\/wilde-werkstatt.de\/hamburg\/wp-content\/uploads\/2019\/11\/Logo-mit-Schrift-grau-1.png","contentUrl":"https:\/\/wilde-werkstatt.de\/hamburg\/wp-content\/uploads\/2019\/11\/Logo-mit-Schrift-grau-1.png","width":939,"height":405,"caption":"Autoport Oettinger & Wilde"},"image":{"@id":"https:\/\/wilde-werkstatt.de\/hamburg\/#\/schema\/logo\/image\/"},"sameAs":["https:\/\/www.facebook.com\/wildewerkstatt\/","https:\/\/www.instagram.com\/wilde.werkstatt\/"]}]}},"_links":{"self":[{"href":"https:\/\/wilde-werkstatt.de\/hamburg\/wp-json\/wp\/v2\/pages\/1423","targetHints":{"allow":["GET"]}}],"collection":[{"href":"https:\/\/wilde-werkstatt.de\/hamburg\/wp-json\/wp\/v2\/pages"}],"about":[{"href":"https:\/\/wilde-werkstatt.de\/hamburg\/wp-json\/wp\/v2\/types\/page"}],"author":[{"embeddable":true,"href":"https:\/\/wilde-werkstatt.de\/hamburg\/wp-json\/wp\/v2\/users\/1"}],"replies":[{"embeddable":true,"href":"https:\/\/wilde-werkstatt.de\/hamburg\/wp-json\/wp\/v2\/comments?post=1423"}],"version-history":[{"count":75,"href":"https:\/\/wilde-werkstatt.de\/hamburg\/wp-json\/wp\/v2\/pages\/1423\/revisions"}],"predecessor-version":[{"id":1958,"href":"https:\/\/wilde-werkstatt.de\/hamburg\/wp-json\/wp\/v2\/pages\/1423\/revisions\/1958"}],"wp:attachment":[{"href":"https:\/\/wilde-werkstatt.de\/hamburg\/wp-json\/wp\/v2\/media?parent=1423"}],"curies":[{"name":"wp","href":"https:\/\/api.w.org\/{rel}","templated":true}]}}